{"id":1062,"date":"2018-10-05T19:32:59","date_gmt":"2018-10-05T17:32:59","guid":{"rendered":"http:\/\/www.neckenmarkt.net\/gemeinde\/?page_id=1062"},"modified":"2021-02-18T16:14:37","modified_gmt":"2021-02-18T15:14:37","slug":"roemische-bernsteinstrasse","status":"publish","type":"page","link":"https:\/\/www.neckenmarkt.net\/gemeinde\/roemische-bernsteinstrasse\/","title":{"rendered":"R\u00f6mische Bernsteinstra\u00dfe"},"content":{"rendered":"\t\t<div data-elementor-type=\"wp-post\" data-elementor-id=\"1062\" class=\"elementor elementor-1062\">\n\t\t\t\t\t\t<section class=\"elementor-section elementor-top-section elementor-element elementor-element-2672b51 elementor-section-full_width elementor-section-height-default elementor-section-height-default\" data-id=\"2672b51\" data-element_type=\"section\" data-e-type=\"section\">\n\t\t\t\t\t\t<div class=\"elementor-container elementor-column-gap-default\">\n\t\t\t\t\t<div class=\"elementor-column elementor-col-100 elementor-top-column elementor-element elementor-element-e9025be\" data-id=\"e9025be\" data-element_type=\"column\" data-e-type=\"column\">\n\t\t\t<div class=\"elementor-widget-wrap elementor-element-populated\">\n\t\t\t\t\t\t<div class=\"elementor-element elementor-element-3e3db9f elementor-widget elementor-widget-text-editor\" data-id=\"3e3db9f\" data-element_type=\"widget\" data-e-type=\"widget\" data-widget_type=\"text-editor.default\">\n\t\t\t\t<div class=\"elementor-widget-container\">\n\t\t\t\t\t\t\t\t\t<p style=\"text-align: justify;\"><span style=\"font-size: 16px; font-family: tahoma, arial, helvetica, sans-serif;\">Zwischen Szombathely und Sopron f\u00fchrt die Stra\u00dfentrasse durch das Mittelburgenland, einem f\u00fcr die r\u00f6mische R\u00fcstungsindustrie sehr wichtigen keltischen Eisengewinnungsgebiet.<\/span><br \/><span style=\"font-size: 16px; font-family: tahoma, arial, helvetica, sans-serif;\">Bernsteinstra\u00dfe wird sie genannt, weil der r\u00f6mische Schriftsteller Plinius berichtet, dass auf diesem Weg der Bernstein von der Ostseek\u00fcste \u00fcber Carnuntum nach Aguileia, dem Zentrum des Bernsteinhandels, gebracht wurde.<\/span><br \/><span style=\"font-size: 16px; font-family: tahoma, arial, helvetica, sans-serif;\">Soweit die Bernsteinstra\u00dfe nicht durch \u00dcberbauung mit der modernen Stra\u00dfen verschwunden ist, ist sie noch auf Luftbildern durch Wachstumsunterschiede im Getreide oder als leichter Schotterwall in frisch gepfl\u00fcgten Ackern erkennbar.<\/span><br \/><span style=\"font-size: 16px; font-family: tahoma, arial, helvetica, sans-serif;\">Auf dem Hottergebiet von Neckenmarkt verl\u00e4uft die Bernsteinstra\u00dfe \u00f6stlich des Ortsrandes zwischen der Florianikapelle und des Kastell \u201eSamersdorf\u201c \u00fcber den \u201eGalgenriegel\u201c nach Harkau (Ungarn) und weiter direkt nach \u00d6denburg (Sopron, Ungarn).<\/span><\/p>\n<p style=\"text-align: center;\"><span style=\"font-size: 16px; font-family: tahoma, arial, helvetica, sans-serif;\">weiter Infos <a href=\"http:\/\/www.fahr-radwege.com\/B47RoemischeBernsteistrasse.html\" target=\"_blank\" rel=\"noopener\">HIER&#8230;<\/a><\/span><\/p>\t\t\t\t\t\t\t\t<\/div>\n\t\t\t\t<\/div>\n\t\t\t\t\t<\/div>\n\t\t<\/div>\n\t\t\t\t\t<\/div>\n\t\t<\/section>\n\t\t\t\t<\/div>\n\t\t","protected":false},"excerpt":{"rendered":"<p>Zwischen Szombathely und Sopron f\u00fchrt die Stra\u00dfentrasse durch das Mittelburgenland, einem f\u00fcr die r\u00f6mische R\u00fcstungsindustrie sehr wichtigen keltischen Eisengewinnungsgebiet.Bernsteinstra\u00dfe wird sie genannt, weil der r\u00f6mische Schriftsteller Plinius berichtet, dass auf [&hellip;]<\/p>\n","protected":false},"author":1,"featured_media":0,"parent":0,"menu_order":0,"comment_status":"closed","ping_status":"closed","template":"","meta":{"footnotes":""},"class_list":["post-1062","page","type-page","status-publish","hentry"],"yoast_head":"<!-- This site is optimized with the Yoast SEO plugin v27.5 - https:\/\/yoast.com\/product\/yoast-seo-wordpress\/ -->\n<title>R\u00f6mische Bernsteinstra\u00dfe - Marktgemeinde Neckenmarkt<\/title>\n<meta name=\"robots\" content=\"index, follow, max-snippet:-1, max-image-preview:large, max-video-preview:-1\" \/>\n<link rel=\"canonical\" href=\"https:\/\/www.neckenmarkt.net\/gemeinde\/roemische-bernsteinstrasse\/\" \/>\n<meta property=\"og:locale\" content=\"de_DE\" \/>\n<meta property=\"og:type\" content=\"article\" \/>\n<meta property=\"og:title\" content=\"R\u00f6mische Bernsteinstra\u00dfe - Marktgemeinde Neckenmarkt\" \/>\n<meta property=\"og:description\" content=\"Zwischen Szombathely und Sopron f\u00fchrt die Stra\u00dfentrasse durch das Mittelburgenland, einem f\u00fcr die r\u00f6mische R\u00fcstungsindustrie sehr wichtigen keltischen Eisengewinnungsgebiet.Bernsteinstra\u00dfe wird sie genannt, weil der r\u00f6mische Schriftsteller Plinius berichtet, dass auf [&hellip;]\" \/>\n<meta property=\"og:url\" content=\"https:\/\/www.neckenmarkt.net\/gemeinde\/roemische-bernsteinstrasse\/\" \/>\n<meta property=\"og:site_name\" content=\"Marktgemeinde Neckenmarkt\" \/>\n<meta property=\"article:modified_time\" content=\"2021-02-18T15:14:37+00:00\" \/>\n<meta name=\"twitter:card\" content=\"summary_large_image\" \/>\n<meta name=\"twitter:label1\" content=\"Gesch\u00e4tzte Lesezeit\" \/>\n\t<meta name=\"twitter:data1\" content=\"1\u00a0Minute\" \/>\n<script type=\"application\/ld+json\" class=\"yoast-schema-graph\">{\"@context\":\"https:\\\/\\\/schema.org\",\"@graph\":[{\"@type\":\"WebPage\",\"@id\":\"https:\\\/\\\/www.neckenmarkt.net\\\/gemeinde\\\/roemische-bernsteinstrasse\\\/\",\"url\":\"https:\\\/\\\/www.neckenmarkt.net\\\/gemeinde\\\/roemische-bernsteinstrasse\\\/\",\"name\":\"R\u00f6mische Bernsteinstra\u00dfe - Marktgemeinde Neckenmarkt\",\"isPartOf\":{\"@id\":\"https:\\\/\\\/www.neckenmarkt.net\\\/gemeinde\\\/#website\"},\"datePublished\":\"2018-10-05T17:32:59+00:00\",\"dateModified\":\"2021-02-18T15:14:37+00:00\",\"breadcrumb\":{\"@id\":\"https:\\\/\\\/www.neckenmarkt.net\\\/gemeinde\\\/roemische-bernsteinstrasse\\\/#breadcrumb\"},\"inLanguage\":\"de\",\"potentialAction\":[{\"@type\":\"ReadAction\",\"target\":[\"https:\\\/\\\/www.neckenmarkt.net\\\/gemeinde\\\/roemische-bernsteinstrasse\\\/\"]}]},{\"@type\":\"BreadcrumbList\",\"@id\":\"https:\\\/\\\/www.neckenmarkt.net\\\/gemeinde\\\/roemische-bernsteinstrasse\\\/#breadcrumb\",\"itemListElement\":[{\"@type\":\"ListItem\",\"position\":1,\"name\":\"Startseite\",\"item\":\"https:\\\/\\\/www.neckenmarkt.net\\\/gemeinde\\\/\"},{\"@type\":\"ListItem\",\"position\":2,\"name\":\"R\u00f6mische Bernsteinstra\u00dfe\"}]},{\"@type\":\"WebSite\",\"@id\":\"https:\\\/\\\/www.neckenmarkt.net\\\/gemeinde\\\/#website\",\"url\":\"https:\\\/\\\/www.neckenmarkt.net\\\/gemeinde\\\/\",\"name\":\"Marktgemeinde Neckenmarkt\",\"description\":\"\",\"publisher\":{\"@id\":\"https:\\\/\\\/www.neckenmarkt.net\\\/gemeinde\\\/#organization\"},\"potentialAction\":[{\"@type\":\"SearchAction\",\"target\":{\"@type\":\"EntryPoint\",\"urlTemplate\":\"https:\\\/\\\/www.neckenmarkt.net\\\/gemeinde\\\/?s={search_term_string}\"},\"query-input\":{\"@type\":\"PropertyValueSpecification\",\"valueRequired\":true,\"valueName\":\"search_term_string\"}}],\"inLanguage\":\"de\"},{\"@type\":\"Organization\",\"@id\":\"https:\\\/\\\/www.neckenmarkt.net\\\/gemeinde\\\/#organization\",\"name\":\"Marktgemeinde Neckenmarkt\",\"url\":\"https:\\\/\\\/www.neckenmarkt.net\\\/gemeinde\\\/\",\"logo\":{\"@type\":\"ImageObject\",\"inLanguage\":\"de\",\"@id\":\"https:\\\/\\\/www.neckenmarkt.net\\\/gemeinde\\\/#\\\/schema\\\/logo\\\/image\\\/\",\"url\":\"https:\\\/\\\/www.neckenmarkt.net\\\/gemeinde\\\/wp-content\\\/uploads\\\/2018\\\/12\\\/LogoF-e1547210885414.png\",\"contentUrl\":\"https:\\\/\\\/www.neckenmarkt.net\\\/gemeinde\\\/wp-content\\\/uploads\\\/2018\\\/12\\\/LogoF-e1547210885414.png\",\"width\":58,\"height\":90,\"caption\":\"Marktgemeinde Neckenmarkt\"},\"image\":{\"@id\":\"https:\\\/\\\/www.neckenmarkt.net\\\/gemeinde\\\/#\\\/schema\\\/logo\\\/image\\\/\"},\"sameAs\":[\"https:\\\/\\\/de.wikipedia.org\\\/wiki\\\/Neckenmarkt\"]}]}<\/script>\n<!-- \/ Yoast SEO plugin. -->","yoast_head_json":{"title":"R\u00f6mische Bernsteinstra\u00dfe - Marktgemeinde Neckenmarkt","robots":{"index":"index","follow":"follow","max-snippet":"max-snippet:-1","max-image-preview":"max-image-preview:large","max-video-preview":"max-video-preview:-1"},"canonical":"https:\/\/www.neckenmarkt.net\/gemeinde\/roemische-bernsteinstrasse\/","og_locale":"de_DE","og_type":"article","og_title":"R\u00f6mische Bernsteinstra\u00dfe - Marktgemeinde Neckenmarkt","og_description":"Zwischen Szombathely und Sopron f\u00fchrt die Stra\u00dfentrasse durch das Mittelburgenland, einem f\u00fcr die r\u00f6mische R\u00fcstungsindustrie sehr wichtigen keltischen Eisengewinnungsgebiet.Bernsteinstra\u00dfe wird sie genannt, weil der r\u00f6mische Schriftsteller Plinius berichtet, dass auf [&hellip;]","og_url":"https:\/\/www.neckenmarkt.net\/gemeinde\/roemische-bernsteinstrasse\/","og_site_name":"Marktgemeinde Neckenmarkt","article_modified_time":"2021-02-18T15:14:37+00:00","twitter_card":"summary_large_image","twitter_misc":{"Gesch\u00e4tzte Lesezeit":"1\u00a0Minute"},"schema":{"@context":"https:\/\/schema.org","@graph":[{"@type":"WebPage","@id":"https:\/\/www.neckenmarkt.net\/gemeinde\/roemische-bernsteinstrasse\/","url":"https:\/\/www.neckenmarkt.net\/gemeinde\/roemische-bernsteinstrasse\/","name":"R\u00f6mische Bernsteinstra\u00dfe - Marktgemeinde Neckenmarkt","isPartOf":{"@id":"https:\/\/www.neckenmarkt.net\/gemeinde\/#website"},"datePublished":"2018-10-05T17:32:59+00:00","dateModified":"2021-02-18T15:14:37+00:00","breadcrumb":{"@id":"https:\/\/www.neckenmarkt.net\/gemeinde\/roemische-bernsteinstrasse\/#breadcrumb"},"inLanguage":"de","potentialAction":[{"@type":"ReadAction","target":["https:\/\/www.neckenmarkt.net\/gemeinde\/roemische-bernsteinstrasse\/"]}]},{"@type":"BreadcrumbList","@id":"https:\/\/www.neckenmarkt.net\/gemeinde\/roemische-bernsteinstrasse\/#breadcrumb","itemListElement":[{"@type":"ListItem","position":1,"name":"Startseite","item":"https:\/\/www.neckenmarkt.net\/gemeinde\/"},{"@type":"ListItem","position":2,"name":"R\u00f6mische Bernsteinstra\u00dfe"}]},{"@type":"WebSite","@id":"https:\/\/www.neckenmarkt.net\/gemeinde\/#website","url":"https:\/\/www.neckenmarkt.net\/gemeinde\/","name":"Marktgemeinde Neckenmarkt","description":"","publisher":{"@id":"https:\/\/www.neckenmarkt.net\/gemeinde\/#organization"},"potentialAction":[{"@type":"SearchAction","target":{"@type":"EntryPoint","urlTemplate":"https:\/\/www.neckenmarkt.net\/gemeinde\/?s={search_term_string}"},"query-input":{"@type":"PropertyValueSpecification","valueRequired":true,"valueName":"search_term_string"}}],"inLanguage":"de"},{"@type":"Organization","@id":"https:\/\/www.neckenmarkt.net\/gemeinde\/#organization","name":"Marktgemeinde Neckenmarkt","url":"https:\/\/www.neckenmarkt.net\/gemeinde\/","logo":{"@type":"ImageObject","inLanguage":"de","@id":"https:\/\/www.neckenmarkt.net\/gemeinde\/#\/schema\/logo\/image\/","url":"https:\/\/www.neckenmarkt.net\/gemeinde\/wp-content\/uploads\/2018\/12\/LogoF-e1547210885414.png","contentUrl":"https:\/\/www.neckenmarkt.net\/gemeinde\/wp-content\/uploads\/2018\/12\/LogoF-e1547210885414.png","width":58,"height":90,"caption":"Marktgemeinde Neckenmarkt"},"image":{"@id":"https:\/\/www.neckenmarkt.net\/gemeinde\/#\/schema\/logo\/image\/"},"sameAs":["https:\/\/de.wikipedia.org\/wiki\/Neckenmarkt"]}]}},"_links":{"self":[{"href":"https:\/\/www.neckenmarkt.net\/gemeinde\/wp-json\/wp\/v2\/pages\/1062","targetHints":{"allow":["GET"]}}],"collection":[{"href":"https:\/\/www.neckenmarkt.net\/gemeinde\/wp-json\/wp\/v2\/pages"}],"about":[{"href":"https:\/\/www.neckenmarkt.net\/gemeinde\/wp-json\/wp\/v2\/types\/page"}],"author":[{"embeddable":true,"href":"https:\/\/www.neckenmarkt.net\/gemeinde\/wp-json\/wp\/v2\/users\/1"}],"replies":[{"embeddable":true,"href":"https:\/\/www.neckenmarkt.net\/gemeinde\/wp-json\/wp\/v2\/comments?post=1062"}],"version-history":[{"count":0,"href":"https:\/\/www.neckenmarkt.net\/gemeinde\/wp-json\/wp\/v2\/pages\/1062\/revisions"}],"wp:attachment":[{"href":"https:\/\/www.neckenmarkt.net\/gemeinde\/wp-json\/wp\/v2\/media?parent=1062"}],"curies":[{"name":"wp","href":"https:\/\/api.w.org\/{rel}","templated":true}]}}