{"id":2080,"date":"2018-11-02T18:11:36","date_gmt":"2018-11-02T17:11:36","guid":{"rendered":"http:\/\/www.neckenmarkt.net\/gemeinde\/?page_id=2080"},"modified":"2021-02-18T15:15:24","modified_gmt":"2021-02-18T14:15:24","slug":"aerztlicher-bereitschaftsdienst","status":"publish","type":"page","link":"https:\/\/www.neckenmarkt.net\/gemeinde\/aerztlicher-bereitschaftsdienst\/","title":{"rendered":"\u00c4rztlicher Bereitschaftsdienst"},"content":{"rendered":"\t\t<div data-elementor-type=\"wp-post\" data-elementor-id=\"2080\" class=\"elementor elementor-2080\">\n\t\t\t\t\t\t<section class=\"elementor-section elementor-top-section elementor-element elementor-element-d4e3f34 elementor-section-full_width elementor-section-height-default elementor-section-height-default\" data-id=\"d4e3f34\" data-element_type=\"section\" data-e-type=\"section\">\n\t\t\t\t\t\t<div class=\"elementor-container elementor-column-gap-default\">\n\t\t\t\t\t<div class=\"elementor-column elementor-col-100 elementor-top-column elementor-element elementor-element-7045f3f\" data-id=\"7045f3f\" data-element_type=\"column\" data-e-type=\"column\">\n\t\t\t<div class=\"elementor-widget-wrap elementor-element-populated\">\n\t\t\t\t\t\t<div class=\"elementor-element elementor-element-54bd481 elementor-widget elementor-widget-text-editor\" data-id=\"54bd481\" data-element_type=\"widget\" data-e-type=\"widget\" data-widget_type=\"text-editor.default\">\n\t\t\t\t<div class=\"elementor-widget-container\">\n\t\t\t\t\t\t\t\t\t<p style=\"text-align: justify;\"><span style=\"font-size: 16px; font-family: tahoma, arial, helvetica, sans-serif;\">Wochentags erfolgt die Behandlung von Patienten tags\u00fcber wie gewohnt \u00fcber die Vertrags\u00e4rzte der Krankenkasse in den jeweiligen Ordinationen.<\/span><\/p>\n<p>\u00a0<\/p>\n<p style=\"text-align: justify;\"><span style=\"font-size: 16px; color: #223f3d; background-color: #d7bc67;\"><span style=\"font-family: tahoma, arial, helvetica, sans-serif;\">Telefon\u00a0<\/span><span style=\"font-family: tahoma, arial, helvetica, sans-serif;\"><strong>141:<\/strong><\/span><\/span><\/p>\n<p style=\"text-align: justify;\"><span style=\"font-size: 14px; font-family: tahoma, arial, helvetica, sans-serif;\"><strong>Montag bis Freitag: <\/strong>17.00 bis 22.00 Uhr<\/span><\/p>\n<ul style=\"list-style-type: square; text-align: justify;\">\n<li style=\"text-align: left;\"><span style=\"font-size: 14px; font-family: tahoma, arial, helvetica, sans-serif;\">f\u00fcr \u00e4rztliche Hilfe bei pl\u00f6tzlich auftretenden Beschwerden\u00a0durch\u00a0diensthabenden\u00a0<strong>Allgemeinmediziner<\/strong><\/span><\/li>\n<li style=\"text-align: left;\"><span style=\"font-size: 14px; font-family: tahoma, arial, helvetica, sans-serif;\"><strong>Akutordination <\/strong>im Krankenhaus Oberpullendorf<\/span><\/li>\n<\/ul>\n<p>\u00a0<\/p>\n<p><span style=\"font-size: 14px; font-family: tahoma, arial, helvetica, sans-serif;\"><strong style=\"text-align: justify;\">Samstag, Sonntag und Feiertag:<\/strong> 7.00 Uhr bis 21.00 Uhr<\/span><\/p>\n<ul style=\"list-style-type: square; text-align: justify;\">\n<li><span style=\"font-family: tahoma, arial, helvetica, sans-serif; font-size: 14px;\">\u00e4rztlicher Bereitschaftsdienst, der auch bei\u00a0Bedarf Visiten durchf\u00fchrt<\/span><\/li>\n<\/ul>\n<p>\u00a0<\/p>\n<p style=\"text-align: justify;\"><span style=\"font-size: 16px; font-family: tahoma, arial, helvetica, sans-serif; background-color: #d7bc67; color: #000000;\">Telefon<strong> 144:<\/strong>\u00a0 \u00a0<strong>Notarzt<\/strong><\/span><\/p>\n<hr \/>\n<p>\u00a0<\/p>\n<ul style=\"list-style-type: square;\">\n<li style=\"text-align: justify;\"><span style=\"font-size: 14px; font-family: tahoma, arial, helvetica, sans-serif;\">f\u00fcr lebensbedrohliche F\u00e4lle, wie z.B. Herzinfarkt, Schlaganf\u00e4lle,\u2026\u00a0 \u00a0 \u00a0 \u00a0 \u00a0 \u00a0 \u00a0 \u00a0<\/span><\/li>\n<\/ul>\t\t\t\t\t\t\t\t<\/div>\n\t\t\t\t<\/div>\n\t\t\t\t\t<\/div>\n\t\t<\/div>\n\t\t\t\t\t<\/div>\n\t\t<\/section>\n\t\t\t\t<\/div>\n\t\t","protected":false},"excerpt":{"rendered":"<p>Wochentags erfolgt die Behandlung von Patienten tags\u00fcber wie gewohnt \u00fcber die Vertrags\u00e4rzte der Krankenkasse in den jeweiligen Ordinationen. \u00a0 Telefon\u00a0141: Montag bis Freitag: 17.00 bis 22.00 Uhr f\u00fcr \u00e4rztliche Hilfe [&hellip;]<\/p>\n","protected":false},"author":1,"featured_media":0,"parent":0,"menu_order":0,"comment_status":"closed","ping_status":"closed","template":"","meta":{"footnotes":""},"class_list":["post-2080","page","type-page","status-publish","hentry"],"yoast_head":"<!-- This site is optimized with the Yoast SEO plugin v27.5 - https:\/\/yoast.com\/product\/yoast-seo-wordpress\/ -->\n<title>\u00c4rztlicher Bereitschaftsdienst - Marktgemeinde Neckenmarkt<\/title>\n<meta name=\"robots\" content=\"index, follow, max-snippet:-1, max-image-preview:large, max-video-preview:-1\" \/>\n<link rel=\"canonical\" href=\"https:\/\/www.neckenmarkt.net\/gemeinde\/aerztlicher-bereitschaftsdienst\/\" \/>\n<meta property=\"og:locale\" content=\"de_DE\" \/>\n<meta property=\"og:type\" content=\"article\" \/>\n<meta property=\"og:title\" content=\"\u00c4rztlicher Bereitschaftsdienst - Marktgemeinde Neckenmarkt\" \/>\n<meta property=\"og:description\" content=\"Wochentags erfolgt die Behandlung von Patienten tags\u00fcber wie gewohnt \u00fcber die Vertrags\u00e4rzte der Krankenkasse in den jeweiligen Ordinationen. \u00a0 Telefon\u00a0141: Montag bis Freitag: 17.00 bis 22.00 Uhr f\u00fcr \u00e4rztliche Hilfe [&hellip;]\" \/>\n<meta property=\"og:url\" content=\"https:\/\/www.neckenmarkt.net\/gemeinde\/aerztlicher-bereitschaftsdienst\/\" \/>\n<meta property=\"og:site_name\" content=\"Marktgemeinde Neckenmarkt\" \/>\n<meta property=\"article:modified_time\" content=\"2021-02-18T14:15:24+00:00\" \/>\n<meta name=\"twitter:card\" content=\"summary_large_image\" \/>\n<meta name=\"twitter:label1\" content=\"Gesch\u00e4tzte Lesezeit\" \/>\n\t<meta name=\"twitter:data1\" content=\"1\u00a0Minute\" \/>\n<script type=\"application\/ld+json\" class=\"yoast-schema-graph\">{\"@context\":\"https:\\\/\\\/schema.org\",\"@graph\":[{\"@type\":\"WebPage\",\"@id\":\"https:\\\/\\\/www.neckenmarkt.net\\\/gemeinde\\\/aerztlicher-bereitschaftsdienst\\\/\",\"url\":\"https:\\\/\\\/www.neckenmarkt.net\\\/gemeinde\\\/aerztlicher-bereitschaftsdienst\\\/\",\"name\":\"\u00c4rztlicher Bereitschaftsdienst - Marktgemeinde Neckenmarkt\",\"isPartOf\":{\"@id\":\"https:\\\/\\\/www.neckenmarkt.net\\\/gemeinde\\\/#website\"},\"datePublished\":\"2018-11-02T17:11:36+00:00\",\"dateModified\":\"2021-02-18T14:15:24+00:00\",\"breadcrumb\":{\"@id\":\"https:\\\/\\\/www.neckenmarkt.net\\\/gemeinde\\\/aerztlicher-bereitschaftsdienst\\\/#breadcrumb\"},\"inLanguage\":\"de\",\"potentialAction\":[{\"@type\":\"ReadAction\",\"target\":[\"https:\\\/\\\/www.neckenmarkt.net\\\/gemeinde\\\/aerztlicher-bereitschaftsdienst\\\/\"]}]},{\"@type\":\"BreadcrumbList\",\"@id\":\"https:\\\/\\\/www.neckenmarkt.net\\\/gemeinde\\\/aerztlicher-bereitschaftsdienst\\\/#breadcrumb\",\"itemListElement\":[{\"@type\":\"ListItem\",\"position\":1,\"name\":\"Startseite\",\"item\":\"https:\\\/\\\/www.neckenmarkt.net\\\/gemeinde\\\/\"},{\"@type\":\"ListItem\",\"position\":2,\"name\":\"\u00c4rztlicher Bereitschaftsdienst\"}]},{\"@type\":\"WebSite\",\"@id\":\"https:\\\/\\\/www.neckenmarkt.net\\\/gemeinde\\\/#website\",\"url\":\"https:\\\/\\\/www.neckenmarkt.net\\\/gemeinde\\\/\",\"name\":\"Marktgemeinde Neckenmarkt\",\"description\":\"\",\"publisher\":{\"@id\":\"https:\\\/\\\/www.neckenmarkt.net\\\/gemeinde\\\/#organization\"},\"potentialAction\":[{\"@type\":\"SearchAction\",\"target\":{\"@type\":\"EntryPoint\",\"urlTemplate\":\"https:\\\/\\\/www.neckenmarkt.net\\\/gemeinde\\\/?s={search_term_string}\"},\"query-input\":{\"@type\":\"PropertyValueSpecification\",\"valueRequired\":true,\"valueName\":\"search_term_string\"}}],\"inLanguage\":\"de\"},{\"@type\":\"Organization\",\"@id\":\"https:\\\/\\\/www.neckenmarkt.net\\\/gemeinde\\\/#organization\",\"name\":\"Marktgemeinde Neckenmarkt\",\"url\":\"https:\\\/\\\/www.neckenmarkt.net\\\/gemeinde\\\/\",\"logo\":{\"@type\":\"ImageObject\",\"inLanguage\":\"de\",\"@id\":\"https:\\\/\\\/www.neckenmarkt.net\\\/gemeinde\\\/#\\\/schema\\\/logo\\\/image\\\/\",\"url\":\"https:\\\/\\\/www.neckenmarkt.net\\\/gemeinde\\\/wp-content\\\/uploads\\\/2018\\\/12\\\/LogoF-e1547210885414.png\",\"contentUrl\":\"https:\\\/\\\/www.neckenmarkt.net\\\/gemeinde\\\/wp-content\\\/uploads\\\/2018\\\/12\\\/LogoF-e1547210885414.png\",\"width\":58,\"height\":90,\"caption\":\"Marktgemeinde Neckenmarkt\"},\"image\":{\"@id\":\"https:\\\/\\\/www.neckenmarkt.net\\\/gemeinde\\\/#\\\/schema\\\/logo\\\/image\\\/\"},\"sameAs\":[\"https:\\\/\\\/de.wikipedia.org\\\/wiki\\\/Neckenmarkt\"]}]}<\/script>\n<!-- \/ Yoast SEO plugin. -->","yoast_head_json":{"title":"\u00c4rztlicher Bereitschaftsdienst - Marktgemeinde Neckenmarkt","robots":{"index":"index","follow":"follow","max-snippet":"max-snippet:-1","max-image-preview":"max-image-preview:large","max-video-preview":"max-video-preview:-1"},"canonical":"https:\/\/www.neckenmarkt.net\/gemeinde\/aerztlicher-bereitschaftsdienst\/","og_locale":"de_DE","og_type":"article","og_title":"\u00c4rztlicher Bereitschaftsdienst - Marktgemeinde Neckenmarkt","og_description":"Wochentags erfolgt die Behandlung von Patienten tags\u00fcber wie gewohnt \u00fcber die Vertrags\u00e4rzte der Krankenkasse in den jeweiligen Ordinationen. \u00a0 Telefon\u00a0141: Montag bis Freitag: 17.00 bis 22.00 Uhr f\u00fcr \u00e4rztliche Hilfe [&hellip;]","og_url":"https:\/\/www.neckenmarkt.net\/gemeinde\/aerztlicher-bereitschaftsdienst\/","og_site_name":"Marktgemeinde Neckenmarkt","article_modified_time":"2021-02-18T14:15:24+00:00","twitter_card":"summary_large_image","twitter_misc":{"Gesch\u00e4tzte Lesezeit":"1\u00a0Minute"},"schema":{"@context":"https:\/\/schema.org","@graph":[{"@type":"WebPage","@id":"https:\/\/www.neckenmarkt.net\/gemeinde\/aerztlicher-bereitschaftsdienst\/","url":"https:\/\/www.neckenmarkt.net\/gemeinde\/aerztlicher-bereitschaftsdienst\/","name":"\u00c4rztlicher Bereitschaftsdienst - Marktgemeinde Neckenmarkt","isPartOf":{"@id":"https:\/\/www.neckenmarkt.net\/gemeinde\/#website"},"datePublished":"2018-11-02T17:11:36+00:00","dateModified":"2021-02-18T14:15:24+00:00","breadcrumb":{"@id":"https:\/\/www.neckenmarkt.net\/gemeinde\/aerztlicher-bereitschaftsdienst\/#breadcrumb"},"inLanguage":"de","potentialAction":[{"@type":"ReadAction","target":["https:\/\/www.neckenmarkt.net\/gemeinde\/aerztlicher-bereitschaftsdienst\/"]}]},{"@type":"BreadcrumbList","@id":"https:\/\/www.neckenmarkt.net\/gemeinde\/aerztlicher-bereitschaftsdienst\/#breadcrumb","itemListElement":[{"@type":"ListItem","position":1,"name":"Startseite","item":"https:\/\/www.neckenmarkt.net\/gemeinde\/"},{"@type":"ListItem","position":2,"name":"\u00c4rztlicher Bereitschaftsdienst"}]},{"@type":"WebSite","@id":"https:\/\/www.neckenmarkt.net\/gemeinde\/#website","url":"https:\/\/www.neckenmarkt.net\/gemeinde\/","name":"Marktgemeinde Neckenmarkt","description":"","publisher":{"@id":"https:\/\/www.neckenmarkt.net\/gemeinde\/#organization"},"potentialAction":[{"@type":"SearchAction","target":{"@type":"EntryPoint","urlTemplate":"https:\/\/www.neckenmarkt.net\/gemeinde\/?s={search_term_string}"},"query-input":{"@type":"PropertyValueSpecification","valueRequired":true,"valueName":"search_term_string"}}],"inLanguage":"de"},{"@type":"Organization","@id":"https:\/\/www.neckenmarkt.net\/gemeinde\/#organization","name":"Marktgemeinde Neckenmarkt","url":"https:\/\/www.neckenmarkt.net\/gemeinde\/","logo":{"@type":"ImageObject","inLanguage":"de","@id":"https:\/\/www.neckenmarkt.net\/gemeinde\/#\/schema\/logo\/image\/","url":"https:\/\/www.neckenmarkt.net\/gemeinde\/wp-content\/uploads\/2018\/12\/LogoF-e1547210885414.png","contentUrl":"https:\/\/www.neckenmarkt.net\/gemeinde\/wp-content\/uploads\/2018\/12\/LogoF-e1547210885414.png","width":58,"height":90,"caption":"Marktgemeinde Neckenmarkt"},"image":{"@id":"https:\/\/www.neckenmarkt.net\/gemeinde\/#\/schema\/logo\/image\/"},"sameAs":["https:\/\/de.wikipedia.org\/wiki\/Neckenmarkt"]}]}},"_links":{"self":[{"href":"https:\/\/www.neckenmarkt.net\/gemeinde\/wp-json\/wp\/v2\/pages\/2080","targetHints":{"allow":["GET"]}}],"collection":[{"href":"https:\/\/www.neckenmarkt.net\/gemeinde\/wp-json\/wp\/v2\/pages"}],"about":[{"href":"https:\/\/www.neckenmarkt.net\/gemeinde\/wp-json\/wp\/v2\/types\/page"}],"author":[{"embeddable":true,"href":"https:\/\/www.neckenmarkt.net\/gemeinde\/wp-json\/wp\/v2\/users\/1"}],"replies":[{"embeddable":true,"href":"https:\/\/www.neckenmarkt.net\/gemeinde\/wp-json\/wp\/v2\/comments?post=2080"}],"version-history":[{"count":0,"href":"https:\/\/www.neckenmarkt.net\/gemeinde\/wp-json\/wp\/v2\/pages\/2080\/revisions"}],"wp:attachment":[{"href":"https:\/\/www.neckenmarkt.net\/gemeinde\/wp-json\/wp\/v2\/media?parent=2080"}],"curies":[{"name":"wp","href":"https:\/\/api.w.org\/{rel}","templated":true}]}}

Ärztlicher Bereitschaftsdienst

<div data-elementor-type="wp-post" data-elementor-id="2080" class="elementor elementor-2080">
						<section class="elementor-section elementor-top-section elementor-element elementor-element-d4e3f34 elementor-section-full_width elementor-section-height-default elementor-section-height-default" data-id="d4e3f34" data-element_type="section" data-e-type="section">
						<div class="elementor-container elementor-column-gap-default">
					<div class="elementor-column elementor-col-100 elementor-top-column elementor-element elementor-element-7045f3f" data-id="7045f3f" data-element_type="column" data-e-type="column">
			<div class="elementor-widget-wrap elementor-element-populated">
						<div class="elementor-element elementor-element-54bd481 elementor-widget elementor-widget-text-editor" data-id="54bd481" data-element_type="widget" data-e-type="widget" data-widget_type="text-editor.default">
				<div class="elementor-widget-container">
									<p style="text-align: justify;"><span style="font-size: 16px; font-family: tahoma, arial, helvetica, sans-serif;">Wochentags erfolgt die Behandlung von Patienten tagsüber wie gewohnt über die Vertragsärzte der Krankenkasse in den jeweiligen Ordinationen.</span></p>
<p> </p>
<p style="text-align: justify;"><span style="font-size: 16px; color: #223f3d; background-color: #d7bc67;"><span style="font-family: tahoma, arial, helvetica, sans-serif;">Telefon </span><span style="font-family: tahoma, arial, helvetica, sans-serif;"><strong>141:</strong></span></span></p>
<p style="text-align: justify;"><span style="font-size: 14px; font-family: tahoma, arial, helvetica, sans-serif;"><strong>Montag bis Freitag: </strong>17.00 bis 22.00 Uhr</span></p>
<ul style="list-style-type: square; text-align: justify;">
<li style="text-align: left;"><span style="font-size: 14px; font-family: tahoma, arial, helvetica, sans-serif;">für ärztliche Hilfe bei plötzlich auftretenden Beschwerden durch diensthabenden <strong>Allgemeinmediziner</strong></span></li>
<li style="text-align: left;"><span style="font-size: 14px; font-family: tahoma, arial, helvetica, sans-serif;"><strong>Akutordination </strong>im Krankenhaus Oberpullendorf</span></li>
</ul>
<p> </p>
<p><span style="font-size: 14px; font-family: tahoma, arial, helvetica, sans-serif;"><strong style="text-align: justify;">Samstag, Sonntag und Feiertag:</strong> 7.00 Uhr bis 21.00 Uhr</span></p>
<ul style="list-style-type: square; text-align: justify;">
<li><span style="font-family: tahoma, arial, helvetica, sans-serif; font-size: 14px;">ärztlicher Bereitschaftsdienst, der auch bei Bedarf Visiten durchführt</span></li>
</ul>
<p> </p>
<p style="text-align: justify;"><span style="font-size: 16px; font-family: tahoma, arial, helvetica, sans-serif; background-color: #d7bc67; color: #000000;">Telefon<strong> 144:</strong>   <strong>Notarzt</strong></span></p>
<hr />
<p> </p>
<ul style="list-style-type: square;">
<li style="text-align: justify;"><span style="font-size: 14px; font-family: tahoma, arial, helvetica, sans-serif;">für lebensbedrohliche Fälle, wie z.B. Herzinfarkt, Schlaganfälle,…               </span></li>
</ul>								</div>
				</div>
					</div>
		</div>
					</div>
		</section>
				</div>

<p>Wochentags erfolgt die Behandlung von Patienten tagsüber wie gewohnt über die Vertragsärzte der Krankenkasse in den jeweiligen Ordinationen.   Telefon 141: Montag bis Freitag: 17.00 bis 22.00 Uhr für ärztliche Hilfe [&hellip;]</p>

<!-- This site is optimized with the Yoast SEO plugin v27.5 - https://yoast.com/product/yoast-seo-wordpress/ -->
<title>Ärztlicher Bereitschaftsdienst - Marktgemeinde Neckenmarkt</title>
<meta name="robots" content="index, follow, max-snippet:-1, max-image-preview:large, max-video-preview:-1" />
<link rel="canonical" href="https://www.neckenmarkt.net/gemeinde/aerztlicher-bereitschaftsdienst/" />
<meta property="og:locale" content="de_DE" />
<meta property="og:type" content="article" />
<meta property="og:title" content="Ärztlicher Bereitschaftsdienst - Marktgemeinde Neckenmarkt" />
<meta property="og:description" content="Wochentags erfolgt die Behandlung von Patienten tagsüber wie gewohnt über die Vertragsärzte der Krankenkasse in den jeweiligen Ordinationen.   Telefon 141: Montag bis Freitag: 17.00 bis 22.00 Uhr für ärztliche Hilfe [&hellip;]" />
<meta property="og:url" content="https://www.neckenmarkt.net/gemeinde/aerztlicher-bereitschaftsdienst/" />
<meta property="og:site_name" content="Marktgemeinde Neckenmarkt" />
<meta property="article:modified_time" content="2021-02-18T14:15:24+00:00" />
<meta name="twitter:card" content="summary_large_image" />
<meta name="twitter:label1" content="Geschätzte Lesezeit" />
	<meta name="twitter:data1" content="1 Minute" />
<script type="application/ld+json" class="yoast-schema-graph">{"@context":"https:\/\/schema.org","@graph":[{"@type":"WebPage","@id":"https:\/\/www.neckenmarkt.net\/gemeinde\/aerztlicher-bereitschaftsdienst\/","url":"https:\/\/www.neckenmarkt.net\/gemeinde\/aerztlicher-bereitschaftsdienst\/","name":"Ärztlicher Bereitschaftsdienst - Marktgemeinde Neckenmarkt","isPartOf":{"@id":"https:\/\/www.neckenmarkt.net\/gemeinde\/#website"},"datePublished":"2018-11-02T17:11:36+00:00","dateModified":"2021-02-18T14:15:24+00:00","breadcrumb":{"@id":"https:\/\/www.neckenmarkt.net\/gemeinde\/aerztlicher-bereitschaftsdienst\/#breadcrumb"},"inLanguage":"de","potentialAction":[{"@type":"ReadAction","target":["https:\/\/www.neckenmarkt.net\/gemeinde\/aerztlicher-bereitschaftsdienst\/"]}]},{"@type":"BreadcrumbList","@id":"https:\/\/www.neckenmarkt.net\/gemeinde\/aerztlicher-bereitschaftsdienst\/#breadcrumb","itemListElement":[{"@type":"ListItem","position":1,"name":"Startseite","item":"https:\/\/www.neckenmarkt.net\/gemeinde\/"},{"@type":"ListItem","position":2,"name":"Ärztlicher Bereitschaftsdienst"}]},{"@type":"WebSite","@id":"https:\/\/www.neckenmarkt.net\/gemeinde\/#website","url":"https:\/\/www.neckenmarkt.net\/gemeinde\/","name":"Marktgemeinde Neckenmarkt","description":"","publisher":{"@id":"https:\/\/www.neckenmarkt.net\/gemeinde\/#organization"},"potentialAction":[{"@type":"SearchAction","target":{"@type":"EntryPoint","urlTemplate":"https:\/\/www.neckenmarkt.net\/gemeinde\/?s={search_term_string}"},"query-input":{"@type":"PropertyValueSpecification","valueRequired":true,"valueName":"search_term_string"}}],"inLanguage":"de"},{"@type":"Organization","@id":"https:\/\/www.neckenmarkt.net\/gemeinde\/#organization","name":"Marktgemeinde Neckenmarkt","url":"https:\/\/www.neckenmarkt.net\/gemeinde\/","logo":{"@type":"ImageObject","inLanguage":"de","@id":"https:\/\/www.neckenmarkt.net\/gemeinde\/#\/schema\/logo\/image\/","url":"https:\/\/www.neckenmarkt.net\/gemeinde\/wp-content\/uploads\/2018\/12\/LogoF-e1547210885414.png","contentUrl":"https:\/\/www.neckenmarkt.net\/gemeinde\/wp-content\/uploads\/2018\/12\/LogoF-e1547210885414.png","width":58,"height":90,"caption":"Marktgemeinde Neckenmarkt"},"image":{"@id":"https:\/\/www.neckenmarkt.net\/gemeinde\/#\/schema\/logo\/image\/"},"sameAs":["https:\/\/de.wikipedia.org\/wiki\/Neckenmarkt"]}]}</script>
<!-- / Yoast SEO plugin. -->

Ärztlicher Bereitschaftsdienst - Marktgemeinde Neckenmarkt

Wochentags erfolgt die Behandlung von Patienten tagsüber wie gewohnt über die Vertragsärzte der Krankenkasse in den jeweiligen Ordinationen.   Telefon 141: Montag bis Freitag: 17.00 bis 22.00 Uhr für ärztliche Hilfe [&hellip;]
