{"id":438,"date":"2018-09-19T19:34:04","date_gmt":"2018-09-19T17:34:04","guid":{"rendered":"http:\/\/www.neckenmarkt.net\/gemeinde\/?page_id=438"},"modified":"2026-02-02T09:51:34","modified_gmt":"2026-02-02T08:51:34","slug":"ortsgeschichte","status":"publish","type":"page","link":"https:\/\/www.neckenmarkt.net\/gemeinde\/ortsgeschichte\/","title":{"rendered":"Die Geschichte im Zeitraffer"},"content":{"rendered":"\t\t<div data-elementor-type=\"wp-post\" data-elementor-id=\"438\" class=\"elementor elementor-438\">\n\t\t\t\t\t\t<section class=\"elementor-section elementor-top-section elementor-element elementor-element-1394c8e elementor-section-full_width elementor-section-height-default elementor-section-height-default\" data-id=\"1394c8e\" data-element_type=\"section\" data-e-type=\"section\">\n\t\t\t\t\t\t<div class=\"elementor-container elementor-column-gap-default\">\n\t\t\t\t\t<div class=\"elementor-column elementor-col-100 elementor-top-column elementor-element elementor-element-165b1fd\" data-id=\"165b1fd\" data-element_type=\"column\" data-e-type=\"column\">\n\t\t\t<div class=\"elementor-widget-wrap elementor-element-populated\">\n\t\t\t\t\t\t<div class=\"elementor-element elementor-element-bc1e007 elementor-widget elementor-widget-text-editor\" data-id=\"bc1e007\" data-element_type=\"widget\" data-e-type=\"widget\" data-widget_type=\"text-editor.default\">\n\t\t\t\t<div class=\"elementor-widget-container\">\n\t\t\t\t\t\t\t\t\t<p style=\"text-align: justify;\"><span style=\"font-size: 16px; font-family: tahoma, arial, helvetica, sans-serif;\"><strong>Urgeschichte &#8211; Arch\u00e4ologische Funde\u00a0<\/strong><\/span><\/p>\n<p style=\"text-align: justify;\"><span style=\"font-size: 16px; font-family: tahoma, arial, helvetica, sans-serif;\">Die Anf\u00e4nge der belegbaren Geschichte Neckenmarkts reichen bis in die Bronzezeit (1800 bis 800 v. Chr.) zur\u00fcck. Eine f\u00fcr die <a href=\"http:\/\/www.landschaftsmuseum.de\/Seiten\/Lexikon\/Urnenfelderzeit.htm\" target=\"_blank\" rel=\"noopener\">&#8222;Urnenfelderzeit\u201c<\/a> charakteristische Henkelschale, ein Bronzeschwert sowie Funde aus der <a href=\"http:\/\/www.ooegeschichte.at\/epochen\/urgeschichte\/eisenzeit\/juengere-eisenzeit-latenezeit\/\" target=\"_blank\" rel=\"noopener\">j\u00fcngeren Eisenzeit<\/a> (400 bis 15 v. Chr.) liefern den Beweis, dass unser heutiges Gemeindegebiet schon seit fr\u00fchester Zeit besiedelt war.<\/span><\/p>\t\t\t\t\t\t\t\t<\/div>\n\t\t\t\t<\/div>\n\t\t\t\t\t<\/div>\n\t\t<\/div>\n\t\t\t\t\t<\/div>\n\t\t<\/section>\n\t\t\t\t<section class=\"elementor-section elementor-top-section elementor-element elementor-element-396e133 elementor-section-full_width elementor-section-height-default elementor-section-height-default\" data-id=\"396e133\" data-element_type=\"section\" data-e-type=\"section\">\n\t\t\t\t\t\t<div class=\"elementor-container elementor-column-gap-default\">\n\t\t\t\t\t<div class=\"elementor-column elementor-col-100 elementor-top-column elementor-element elementor-element-5efe399\" data-id=\"5efe399\" data-element_type=\"column\" data-e-type=\"column\">\n\t\t\t<div class=\"elementor-widget-wrap elementor-element-populated\">\n\t\t\t\t\t\t<div class=\"elementor-element elementor-element-b84921e elementor-widget elementor-widget-image\" data-id=\"b84921e\" data-element_type=\"widget\" data-e-type=\"widget\" data-widget_type=\"image.default\">\n\t\t\t\t<div class=\"elementor-widget-container\">\n\t\t\t\t\t\t\t\t\t\t\t\t\t\t\t<img fetchpriority=\"high\" decoding=\"async\" width=\"648\" height=\"676\" src=\"https:\/\/www.neckenmarkt.net\/gemeinde\/wp-content\/uploads\/2019\/01\/Funde.jpg\" class=\"attachment-large size-large wp-image-5932\" alt=\"\" srcset=\"https:\/\/www.neckenmarkt.net\/gemeinde\/wp-content\/uploads\/2019\/01\/Funde.jpg 659w, https:\/\/www.neckenmarkt.net\/gemeinde\/wp-content\/uploads\/2019\/01\/Funde-288x300.jpg 288w\" sizes=\"(max-width: 648px) 100vw, 648px\" \/>\t\t\t\t\t\t\t\t\t\t\t\t\t\t\t<\/div>\n\t\t\t\t<\/div>\n\t\t\t\t\t<\/div>\n\t\t<\/div>\n\t\t\t\t\t<\/div>\n\t\t<\/section>\n\t\t\t\t<section class=\"elementor-section elementor-top-section elementor-element elementor-element-d9fedb8 elementor-section-full_width elementor-section-height-default elementor-section-height-default\" data-id=\"d9fedb8\" data-element_type=\"section\" data-e-type=\"section\">\n\t\t\t\t\t\t<div class=\"elementor-container elementor-column-gap-default\">\n\t\t\t\t\t<div class=\"elementor-column elementor-col-100 elementor-top-column elementor-element elementor-element-799f41f\" data-id=\"799f41f\" data-element_type=\"column\" data-e-type=\"column\">\n\t\t\t<div class=\"elementor-widget-wrap elementor-element-populated\">\n\t\t\t\t\t\t<div class=\"elementor-element elementor-element-d323427 elementor-widget elementor-widget-text-editor\" data-id=\"d323427\" data-element_type=\"widget\" data-e-type=\"widget\" data-widget_type=\"text-editor.default\">\n\t\t\t\t<div class=\"elementor-widget-container\">\n\t\t\t\t\t\t\t\t\t<p style=\"text-align: justify;\"><span style=\"font-size: 16px;\"><strong><span style=\"font-family: tahoma, arial, helvetica, sans-serif;\">Erste urkundliche Erw\u00e4hnung<\/span><\/strong><\/span><\/p>\n<p style=\"text-align: justify;\"><span style=\"font-size: 16px; font-family: tahoma, arial, helvetica, sans-serif;\">In die Wende vom Hoch- zum Sp\u00e4tmittelalter f\u00e4llt die <strong>erste urkundliche Nennung<\/strong> von Neckenmarkt im Jahre 1279 als &#8222;Nek&#8220;. Zu dieser Zeit stand auf unserem Gebiet eine <a href=\"https:\/\/www.freizeitinfo.at\/Angebot\/7817\/Burgruine_Neckenmarkt.html\" target=\"_blank\" rel=\"noopener\"><span style=\"color: #a32626;\">&#8222;<\/span>Burg Eckendorf&#8220;<\/a>. Im Zuge der <a href=\"http:\/\/www.burgenkunde.at\/wissenschaft\/Historische_Beitraege\/Die_Guessinger_Fehde\/Die_Guessinger_Fehde.htm\" target=\"_blank\" rel=\"noopener\">&#8222;2. G\u00fcssinger Fehde&#8220;<\/a>\u00a0 wurde das Bauwerk allerdings schon 1289 wieder dem Erdboden gleichgemacht.<\/span><\/p>\n<p style=\"text-align: justify;\"><span style=\"font-size: 16px; font-family: tahoma, arial, helvetica, sans-serif;\">Aus dem Jahre 1482 (12. April 1482) stammt die erstmalige urkundliche Erw\u00e4hnung von Neckenmarkt als Marktgemeinde (&#8222;oppidum&#8220;); dieses Vorrecht wurde 1578 durch eine Urkunde K\u00f6nig Rudolf II. betr\u00e4chtlich erweitert. Fortan wurden in Neckenmarkt sowohl Jahrm\u00e4rkte als auch Wochenm\u00e4rkte abgehalten.<\/span><\/p>\n<p>\u00a0<\/p>\n<p style=\"text-align: justify;\"><span style=\"font-size: 16px;\"><strong><span style=\"font-family: tahoma, arial, helvetica, sans-serif;\">Historische Ereignisse<\/span><\/strong><\/span><\/p>\n<p style=\"text-align: justify;\"><span style=\"font-size: 16px; font-family: tahoma, arial, helvetica, sans-serif;\">In das Jahr 1620 f\u00e4llt das gro\u00dfe historische Ereignis, das f\u00fcr die Zukunft Neckenmarkts bedeutende Auswirkungen haben sollte. Damals, am 29. September 1620, hatten Neckenmarkter Bauern in der <a href=\"http:\/\/www.gemeinde-lackenbach.at\/ueber-lackenbach\/geschichte\/schlacht-1620.html\" target=\"_blank\" rel=\"noopener\">&#8222;Schlacht bei Lackenbach&#8220;<\/a> den, in seinem Schloss von einer \u00fcberm\u00e4chtigen Heerschar des ungarischen Aufst\u00e4ndischen Gabor Bethlen eingekesselten, kaisertreuen Grundherrn Nikolaus Esterh\u00e1zy wertvolle Unterst\u00fctzung geleistet.<\/span><br \/><span style=\"font-size: 16px; font-family: tahoma, arial, helvetica, sans-serif;\">Damals zogen scharenweise Neckenmarkter Bauern und B\u00fcrger nach Lackenbach und stemmten sich gegen die magyarischen Aufst\u00e4ndischen und trugen dadurch wesentlich zum Sieg Esterh\u00e1zys bei. Der Kaiser lie\u00df sich nicht lumpen und \u00fcbereignete den Besitz der Aufst\u00e4ndischen seinem Retter Esterh\u00e1zy, der dadurch vom kleinen F\u00fcrsten zum Gro\u00dfgrundbesitzer aufstieg. Doch auch er verga\u00df seine Helfer nicht.<\/span><br \/><span style=\"font-size: 16px; font-family: tahoma, arial, helvetica, sans-serif;\">F\u00fcr ihren Kampfesmut und ihren heldenhaften Einsatz erhielten die Neckenmarkter nach dem Nikolsburger Friedensschluss (1621) eine Fahne mit der Jahreszahl der \u00dcbergabe 1622 zum Geschenk. Aus diesen historischen Ereignissen hat sich ein noch heute gepflegtes Brauchtum entwickelt, das \u201eNeckenmarkter Fahnenschwingen&#8220; am Sonntag nach Fronleichnam.&#8220;<\/span><\/p>\t\t\t\t\t\t\t\t<\/div>\n\t\t\t\t<\/div>\n\t\t\t\t\t<\/div>\n\t\t<\/div>\n\t\t\t\t\t<\/div>\n\t\t<\/section>\n\t\t\t\t<section class=\"elementor-section elementor-top-section elementor-element elementor-element-2a29a9c elementor-section-full_width elementor-section-height-default elementor-section-height-default\" data-id=\"2a29a9c\" data-element_type=\"section\" data-e-type=\"section\">\n\t\t\t\t\t\t<div class=\"elementor-container elementor-column-gap-default\">\n\t\t\t\t\t<div class=\"elementor-column elementor-col-100 elementor-top-column elementor-element elementor-element-cd1e0b3\" data-id=\"cd1e0b3\" data-element_type=\"column\" data-e-type=\"column\">\n\t\t\t<div class=\"elementor-widget-wrap elementor-element-populated\">\n\t\t\t\t\t\t<div class=\"elementor-element elementor-element-1bb4205 elementor-widget elementor-widget-video\" data-id=\"1bb4205\" data-element_type=\"widget\" data-e-type=\"widget\" data-settings=\"{&quot;youtube_url&quot;:&quot;https:\\\/\\\/www.youtube.com\\\/watch?v=FgP2uZJOnxI&quot;,&quot;video_type&quot;:&quot;youtube&quot;,&quot;controls&quot;:&quot;yes&quot;}\" data-widget_type=\"video.default\">\n\t\t\t\t<div class=\"elementor-widget-container\">\n\t\t\t\t\t\t\t<div class=\"elementor-wrapper elementor-open-inline\">\n\t\t\t<div class=\"elementor-video\"><\/div>\t\t<\/div>\n\t\t\t\t\t\t<\/div>\n\t\t\t\t<\/div>\n\t\t\t\t\t<\/div>\n\t\t<\/div>\n\t\t\t\t\t<\/div>\n\t\t<\/section>\n\t\t\t\t<section class=\"elementor-section elementor-top-section elementor-element elementor-element-505ff56 elementor-section-full_width elementor-section-height-default elementor-section-height-default\" data-id=\"505ff56\" data-element_type=\"section\" data-e-type=\"section\">\n\t\t\t\t\t\t<div class=\"elementor-container elementor-column-gap-default\">\n\t\t\t\t\t<div class=\"elementor-column elementor-col-100 elementor-top-column elementor-element elementor-element-5bec0ee\" data-id=\"5bec0ee\" data-element_type=\"column\" data-e-type=\"column\">\n\t\t\t<div class=\"elementor-widget-wrap elementor-element-populated\">\n\t\t\t\t\t\t<div class=\"elementor-element elementor-element-159f52b elementor-widget elementor-widget-text-editor\" data-id=\"159f52b\" data-element_type=\"widget\" data-e-type=\"widget\" data-widget_type=\"text-editor.default\">\n\t\t\t\t<div class=\"elementor-widget-container\">\n\t\t\t\t\t\t\t\t\t<p style=\"text-align: justify;\"><span style=\"font-size: 16px; font-family: tahoma, arial, helvetica, sans-serif;\"><br \/><img decoding=\"async\" src=\"https:\/\/www.neckenmarkt.net\/gemeinde\/ortsgeschichte\/Mediathek\" alt=\"\" \/>Die rechtlich g\u00fcnstige Stellung sowie die zentrale Lage bewirkten einen kontinuierlichen wirtschaftlichen Aufschwung der Marktgemeinde. Bis ins 18. Jh. blieb die soziale Ordnung des Handwerks &#8211; das Zunftwesen &#8211; bestimmend.<\/span><br \/><span style=\"font-size: 16px; font-family: tahoma, arial, helvetica, sans-serif;\">Im Ersten Weltkrieg war Neckenmarkt Standort eines gro\u00dfen Kriegsgefangenenlagers. Von den wirtschaftlich schlechten Jahren der Zwischenkriegszeit war auch unsere Bev\u00f6lkerung betroffen. Nach dem Zweiten Weltkrieg setzte ein reger Wiederaufbau ein. Die Marktgemeinde Neckenmarkt kann heute auf gro\u00dfe infrastrukturelle, verwaltungstechnische, soziale sowie industrielle Einrichtungen verweisen.\u00a0<\/span><\/p>\n<p>\u00a0<\/p>\n<p style=\"text-align: justify;\"><span style=\"font-family: tahoma, arial, helvetica, sans-serif; font-size: 16px;\"><strong>Ortsteil Haschendorf<\/strong><\/span><\/p>\n<p style=\"text-align: justify;\"><span style=\"font-size: 16px; font-family: tahoma, arial, helvetica, sans-serif;\">Die erste urkundliche Erw\u00e4hnung der Ortschaft erfolgte im Jahr 1325 als &#8222;Harsandorf&#8220;; der magyarische Name f\u00fcr Haschendorf lautet &#8222;Hasfalva&#8220;. Frei \u00fcbersetzt bedeutet Haschendorf &#8222;Dorf bei der Linde&#8220;.<\/span><br \/><span style=\"font-size: 16px; font-family: tahoma, arial, helvetica, sans-serif;\">Aus Haschendorf\/Neckenmarkt stammt ein international und auch bei kaiserlichem Hofe sehr gefragter Seidenfabrikant der K&amp;K Monarchie. Der \u00fcberaus erfolgreiche Industrielle Valentin Igler lie\u00df 1864 die Kirche von Haschendorf erbauen. Aber auch eine Schule, Kapelle, Dreifaltigkeitss\u00e4ule und Schulb\u00e4nke wurden von seiner Familie gestiftet. Sein Nachkomme Hans Igler wurde prompt Vorsitzender der \u00f6sterreichischen Industriellenvereinigung in der Zweiten Republik.<\/span><br \/><span style=\"font-size: 16px; font-family: tahoma, arial, helvetica, sans-serif;\">Welches Geheimnis aber birgt dieses Kultobjekt aus der Bronzezeit (hier eine Rekonstruktion), das lediglich in Schweden sein einziges Pendant findet und erst 1914 in Haschendorf entdeckt wurde?<\/span><br \/><span style=\"font-size: 16px; font-family: tahoma, arial, helvetica, sans-serif;\">Sicher ist, es tr\u00e4gt die Insignien eines besonderen Privilegs, das Neckenmarkt \u201cvielleicht\u201d seine Sch\u00f6nheit, Authentizit\u00e4t und seine Besonderheit schon vor langer Zeit gebracht hat. Dass Neckenmarkt, es genie\u00dft das Marktrecht schon seit dem 15. Jahrhundert, auch seiner Bestimmung als erfolgreiche moderne Marktgemeinde gerecht wird, zeigen die in j\u00fcngster Zeit angesiedelten innovativen hochtechnologischen Betriebe, die von Neckenmarkt aus auch weltweit agieren.<\/span><br \/><span style=\"font-size: 16px; font-family: tahoma, arial, helvetica, sans-serif;\">Aber auch traditionelle Unternehmen aus Neckenmarkt entwickelten sich durch die guten infrastrukturellen Ma\u00dfnahmen mit kreativem Engagement zu \u00f6sterreichischen Vorzeigebetrieben f\u00fcr Gewerbe, Handel, Wein und Wellness. Es war das Leben, das fr\u00fcher die Menschen in der R\u00f6merzeit wegen des Warenumschlages auf den Weg zwischen Scarbantia (\u00d6denburg) und Carnuntum an der \u201eVia Romana\u201d nach Neckenmarkt brachte, das schon 1425 als Mautstandort diente, und seine Besucher heute mit seiner Lebensfreude in den Bann zieht.<\/span><\/p>\n<p style=\"text-align: justify;\">\u00a0<\/p>\t\t\t\t\t\t\t\t<\/div>\n\t\t\t\t<\/div>\n\t\t\t\t\t<\/div>\n\t\t<\/div>\n\t\t\t\t\t<\/div>\n\t\t<\/section>\n\t\t\t\t<\/div>\n\t\t","protected":false},"excerpt":{"rendered":"<p>Urgeschichte &#8211; Arch\u00e4ologische Funde\u00a0 Die Anf\u00e4nge der belegbaren Geschichte Neckenmarkts reichen bis in die Bronzezeit (1800 bis 800 v. Chr.) zur\u00fcck. Eine f\u00fcr die &#8222;Urnenfelderzeit\u201c charakteristische Henkelschale, ein Bronzeschwert sowie [&hellip;]<\/p>\n","protected":false},"author":1,"featured_media":0,"parent":0,"menu_order":0,"comment_status":"closed","ping_status":"closed","template":"","meta":{"footnotes":""},"class_list":["post-438","page","type-page","status-publish","hentry"],"yoast_head":"<!-- This site is optimized with the Yoast SEO plugin v27.5 - https:\/\/yoast.com\/product\/yoast-seo-wordpress\/ -->\n<title>Die Geschichte im Zeitraffer - Marktgemeinde Neckenmarkt<\/title>\n<meta name=\"robots\" content=\"index, follow, max-snippet:-1, max-image-preview:large, max-video-preview:-1\" \/>\n<link rel=\"canonical\" href=\"https:\/\/www.neckenmarkt.net\/gemeinde\/ortsgeschichte\/\" \/>\n<meta property=\"og:locale\" content=\"de_DE\" \/>\n<meta property=\"og:type\" content=\"article\" \/>\n<meta property=\"og:title\" content=\"Die Geschichte im Zeitraffer - Marktgemeinde Neckenmarkt\" \/>\n<meta property=\"og:description\" content=\"Urgeschichte &#8211; Arch\u00e4ologische Funde\u00a0 Die Anf\u00e4nge der belegbaren Geschichte Neckenmarkts reichen bis in die Bronzezeit (1800 bis 800 v. Chr.) zur\u00fcck. Eine f\u00fcr die &#8222;Urnenfelderzeit\u201c charakteristische Henkelschale, ein Bronzeschwert sowie [&hellip;]\" \/>\n<meta property=\"og:url\" content=\"https:\/\/www.neckenmarkt.net\/gemeinde\/ortsgeschichte\/\" \/>\n<meta property=\"og:site_name\" content=\"Marktgemeinde Neckenmarkt\" \/>\n<meta property=\"article:modified_time\" content=\"2026-02-02T08:51:34+00:00\" \/>\n<meta property=\"og:image\" content=\"https:\/\/www.neckenmarkt.net\/gemeinde\/wp-content\/uploads\/2019\/01\/Funde.jpg\" \/>\n\t<meta property=\"og:image:width\" content=\"659\" \/>\n\t<meta property=\"og:image:height\" content=\"687\" \/>\n\t<meta property=\"og:image:type\" content=\"image\/jpeg\" \/>\n<meta name=\"twitter:card\" content=\"summary_large_image\" \/>\n<meta name=\"twitter:label1\" content=\"Gesch\u00e4tzte Lesezeit\" \/>\n\t<meta name=\"twitter:data1\" content=\"4\u00a0Minuten\" \/>\n<script type=\"application\/ld+json\" class=\"yoast-schema-graph\">{\"@context\":\"https:\\\/\\\/schema.org\",\"@graph\":[{\"@type\":\"WebPage\",\"@id\":\"https:\\\/\\\/www.neckenmarkt.net\\\/gemeinde\\\/ortsgeschichte\\\/\",\"url\":\"https:\\\/\\\/www.neckenmarkt.net\\\/gemeinde\\\/ortsgeschichte\\\/\",\"name\":\"Die Geschichte im Zeitraffer - Marktgemeinde Neckenmarkt\",\"isPartOf\":{\"@id\":\"https:\\\/\\\/www.neckenmarkt.net\\\/gemeinde\\\/#website\"},\"primaryImageOfPage\":{\"@id\":\"https:\\\/\\\/www.neckenmarkt.net\\\/gemeinde\\\/ortsgeschichte\\\/#primaryimage\"},\"image\":{\"@id\":\"https:\\\/\\\/www.neckenmarkt.net\\\/gemeinde\\\/ortsgeschichte\\\/#primaryimage\"},\"thumbnailUrl\":\"https:\\\/\\\/www.neckenmarkt.net\\\/gemeinde\\\/wp-content\\\/uploads\\\/2019\\\/01\\\/Funde.jpg\",\"datePublished\":\"2018-09-19T17:34:04+00:00\",\"dateModified\":\"2026-02-02T08:51:34+00:00\",\"breadcrumb\":{\"@id\":\"https:\\\/\\\/www.neckenmarkt.net\\\/gemeinde\\\/ortsgeschichte\\\/#breadcrumb\"},\"inLanguage\":\"de\",\"potentialAction\":[{\"@type\":\"ReadAction\",\"target\":[\"https:\\\/\\\/www.neckenmarkt.net\\\/gemeinde\\\/ortsgeschichte\\\/\"]}]},{\"@type\":\"ImageObject\",\"inLanguage\":\"de\",\"@id\":\"https:\\\/\\\/www.neckenmarkt.net\\\/gemeinde\\\/ortsgeschichte\\\/#primaryimage\",\"url\":\"https:\\\/\\\/www.neckenmarkt.net\\\/gemeinde\\\/wp-content\\\/uploads\\\/2019\\\/01\\\/Funde.jpg\",\"contentUrl\":\"https:\\\/\\\/www.neckenmarkt.net\\\/gemeinde\\\/wp-content\\\/uploads\\\/2019\\\/01\\\/Funde.jpg\",\"width\":659,\"height\":687},{\"@type\":\"BreadcrumbList\",\"@id\":\"https:\\\/\\\/www.neckenmarkt.net\\\/gemeinde\\\/ortsgeschichte\\\/#breadcrumb\",\"itemListElement\":[{\"@type\":\"ListItem\",\"position\":1,\"name\":\"Startseite\",\"item\":\"https:\\\/\\\/www.neckenmarkt.net\\\/gemeinde\\\/\"},{\"@type\":\"ListItem\",\"position\":2,\"name\":\"Die Geschichte im Zeitraffer\"}]},{\"@type\":\"WebSite\",\"@id\":\"https:\\\/\\\/www.neckenmarkt.net\\\/gemeinde\\\/#website\",\"url\":\"https:\\\/\\\/www.neckenmarkt.net\\\/gemeinde\\\/\",\"name\":\"Marktgemeinde Neckenmarkt\",\"description\":\"\",\"publisher\":{\"@id\":\"https:\\\/\\\/www.neckenmarkt.net\\\/gemeinde\\\/#organization\"},\"potentialAction\":[{\"@type\":\"SearchAction\",\"target\":{\"@type\":\"EntryPoint\",\"urlTemplate\":\"https:\\\/\\\/www.neckenmarkt.net\\\/gemeinde\\\/?s={search_term_string}\"},\"query-input\":{\"@type\":\"PropertyValueSpecification\",\"valueRequired\":true,\"valueName\":\"search_term_string\"}}],\"inLanguage\":\"de\"},{\"@type\":\"Organization\",\"@id\":\"https:\\\/\\\/www.neckenmarkt.net\\\/gemeinde\\\/#organization\",\"name\":\"Marktgemeinde Neckenmarkt\",\"url\":\"https:\\\/\\\/www.neckenmarkt.net\\\/gemeinde\\\/\",\"logo\":{\"@type\":\"ImageObject\",\"inLanguage\":\"de\",\"@id\":\"https:\\\/\\\/www.neckenmarkt.net\\\/gemeinde\\\/#\\\/schema\\\/logo\\\/image\\\/\",\"url\":\"https:\\\/\\\/www.neckenmarkt.net\\\/gemeinde\\\/wp-content\\\/uploads\\\/2018\\\/12\\\/LogoF-e1547210885414.png\",\"contentUrl\":\"https:\\\/\\\/www.neckenmarkt.net\\\/gemeinde\\\/wp-content\\\/uploads\\\/2018\\\/12\\\/LogoF-e1547210885414.png\",\"width\":58,\"height\":90,\"caption\":\"Marktgemeinde Neckenmarkt\"},\"image\":{\"@id\":\"https:\\\/\\\/www.neckenmarkt.net\\\/gemeinde\\\/#\\\/schema\\\/logo\\\/image\\\/\"},\"sameAs\":[\"https:\\\/\\\/de.wikipedia.org\\\/wiki\\\/Neckenmarkt\"]}]}<\/script>\n<!-- \/ Yoast SEO plugin. -->","yoast_head_json":{"title":"Die Geschichte im Zeitraffer - Marktgemeinde Neckenmarkt","robots":{"index":"index","follow":"follow","max-snippet":"max-snippet:-1","max-image-preview":"max-image-preview:large","max-video-preview":"max-video-preview:-1"},"canonical":"https:\/\/www.neckenmarkt.net\/gemeinde\/ortsgeschichte\/","og_locale":"de_DE","og_type":"article","og_title":"Die Geschichte im Zeitraffer - Marktgemeinde Neckenmarkt","og_description":"Urgeschichte &#8211; Arch\u00e4ologische Funde\u00a0 Die Anf\u00e4nge der belegbaren Geschichte Neckenmarkts reichen bis in die Bronzezeit (1800 bis 800 v. Chr.) zur\u00fcck. Eine f\u00fcr die &#8222;Urnenfelderzeit\u201c charakteristische Henkelschale, ein Bronzeschwert sowie [&hellip;]","og_url":"https:\/\/www.neckenmarkt.net\/gemeinde\/ortsgeschichte\/","og_site_name":"Marktgemeinde Neckenmarkt","article_modified_time":"2026-02-02T08:51:34+00:00","og_image":[{"width":659,"height":687,"url":"https:\/\/www.neckenmarkt.net\/gemeinde\/wp-content\/uploads\/2019\/01\/Funde.jpg","type":"image\/jpeg"}],"twitter_card":"summary_large_image","twitter_misc":{"Gesch\u00e4tzte Lesezeit":"4\u00a0Minuten"},"schema":{"@context":"https:\/\/schema.org","@graph":[{"@type":"WebPage","@id":"https:\/\/www.neckenmarkt.net\/gemeinde\/ortsgeschichte\/","url":"https:\/\/www.neckenmarkt.net\/gemeinde\/ortsgeschichte\/","name":"Die Geschichte im Zeitraffer - Marktgemeinde Neckenmarkt","isPartOf":{"@id":"https:\/\/www.neckenmarkt.net\/gemeinde\/#website"},"primaryImageOfPage":{"@id":"https:\/\/www.neckenmarkt.net\/gemeinde\/ortsgeschichte\/#primaryimage"},"image":{"@id":"https:\/\/www.neckenmarkt.net\/gemeinde\/ortsgeschichte\/#primaryimage"},"thumbnailUrl":"https:\/\/www.neckenmarkt.net\/gemeinde\/wp-content\/uploads\/2019\/01\/Funde.jpg","datePublished":"2018-09-19T17:34:04+00:00","dateModified":"2026-02-02T08:51:34+00:00","breadcrumb":{"@id":"https:\/\/www.neckenmarkt.net\/gemeinde\/ortsgeschichte\/#breadcrumb"},"inLanguage":"de","potentialAction":[{"@type":"ReadAction","target":["https:\/\/www.neckenmarkt.net\/gemeinde\/ortsgeschichte\/"]}]},{"@type":"ImageObject","inLanguage":"de","@id":"https:\/\/www.neckenmarkt.net\/gemeinde\/ortsgeschichte\/#primaryimage","url":"https:\/\/www.neckenmarkt.net\/gemeinde\/wp-content\/uploads\/2019\/01\/Funde.jpg","contentUrl":"https:\/\/www.neckenmarkt.net\/gemeinde\/wp-content\/uploads\/2019\/01\/Funde.jpg","width":659,"height":687},{"@type":"BreadcrumbList","@id":"https:\/\/www.neckenmarkt.net\/gemeinde\/ortsgeschichte\/#breadcrumb","itemListElement":[{"@type":"ListItem","position":1,"name":"Startseite","item":"https:\/\/www.neckenmarkt.net\/gemeinde\/"},{"@type":"ListItem","position":2,"name":"Die Geschichte im Zeitraffer"}]},{"@type":"WebSite","@id":"https:\/\/www.neckenmarkt.net\/gemeinde\/#website","url":"https:\/\/www.neckenmarkt.net\/gemeinde\/","name":"Marktgemeinde Neckenmarkt","description":"","publisher":{"@id":"https:\/\/www.neckenmarkt.net\/gemeinde\/#organization"},"potentialAction":[{"@type":"SearchAction","target":{"@type":"EntryPoint","urlTemplate":"https:\/\/www.neckenmarkt.net\/gemeinde\/?s={search_term_string}"},"query-input":{"@type":"PropertyValueSpecification","valueRequired":true,"valueName":"search_term_string"}}],"inLanguage":"de"},{"@type":"Organization","@id":"https:\/\/www.neckenmarkt.net\/gemeinde\/#organization","name":"Marktgemeinde Neckenmarkt","url":"https:\/\/www.neckenmarkt.net\/gemeinde\/","logo":{"@type":"ImageObject","inLanguage":"de","@id":"https:\/\/www.neckenmarkt.net\/gemeinde\/#\/schema\/logo\/image\/","url":"https:\/\/www.neckenmarkt.net\/gemeinde\/wp-content\/uploads\/2018\/12\/LogoF-e1547210885414.png","contentUrl":"https:\/\/www.neckenmarkt.net\/gemeinde\/wp-content\/uploads\/2018\/12\/LogoF-e1547210885414.png","width":58,"height":90,"caption":"Marktgemeinde Neckenmarkt"},"image":{"@id":"https:\/\/www.neckenmarkt.net\/gemeinde\/#\/schema\/logo\/image\/"},"sameAs":["https:\/\/de.wikipedia.org\/wiki\/Neckenmarkt"]}]}},"_links":{"self":[{"href":"https:\/\/www.neckenmarkt.net\/gemeinde\/wp-json\/wp\/v2\/pages\/438","targetHints":{"allow":["GET"]}}],"collection":[{"href":"https:\/\/www.neckenmarkt.net\/gemeinde\/wp-json\/wp\/v2\/pages"}],"about":[{"href":"https:\/\/www.neckenmarkt.net\/gemeinde\/wp-json\/wp\/v2\/types\/page"}],"author":[{"embeddable":true,"href":"https:\/\/www.neckenmarkt.net\/gemeinde\/wp-json\/wp\/v2\/users\/1"}],"replies":[{"embeddable":true,"href":"https:\/\/www.neckenmarkt.net\/gemeinde\/wp-json\/wp\/v2\/comments?post=438"}],"version-history":[{"count":4,"href":"https:\/\/www.neckenmarkt.net\/gemeinde\/wp-json\/wp\/v2\/pages\/438\/revisions"}],"predecessor-version":[{"id":90004,"href":"https:\/\/www.neckenmarkt.net\/gemeinde\/wp-json\/wp\/v2\/pages\/438\/revisions\/90004"}],"wp:attachment":[{"href":"https:\/\/www.neckenmarkt.net\/gemeinde\/wp-json\/wp\/v2\/media?parent=438"}],"curies":[{"name":"wp","href":"https:\/\/api.w.org\/{rel}","templated":true}]}}